e
Is 5562471 composite?
True
Is 286907 a prime number?
False
Is 22425043 a prime number?
False
Is 37616081 a prime number?
False
Is 2235793 a prime number?
False
Is 13308899 a composite number?
False
Is 6060949 prime?
True
Is 22609121 a prime number?
True
Is 364103 prime?
True
Is 10859155 a prime number?
False
Is 6119441 a composite number?
False
Is 6474007 a composite number?
False
Is 8037497 prime?
False
Is 29639053 prime?
False
Is 4486751 a prime number?
True
Is 318313 prime?
True
Is 163845863 composite?
True
Is 35676881 prime?
True
Is 11080039 prime?
False
Is 114768659 a composite number?
False
Is 173618733 a prime number?
False
Is 27041071 a composite number?
False
Is 12182593 composite?
False
Is 14438121 a composite number?
True
Is 78808943 a composite number?
False
Is 1323457 prime?
True
Is 52164269 a prime number?
False
Is 220134613 composite?
True
Is 1172155 a composite number?
True
Is 2750239 a composite number?
True
Is 1836397 prime?
False
Is 72397117 a prime number?
False
Is 90068639 a prime number?
True
Is 867031331 prime?
False
Is 508928621 prime?
True
Is 99171311 a composite number?
True
Is 5458967 a prime number?
True
Is 3000455 composite?
True
Is 78501287 a composite number?
True
Is 23825617 prime?
False
Is 4144877 a prime number?
False
Is 1537266989 a composite number?
False
Is 15951499 a prime number?
False
Is 3815711 prime?
True
Is 184620101 prime?
True
Is 8148137 a composite number?
False
Is 10144839 prime?
False
Is 9499421 a composite number?
True
Is 1960573 prime?
True
Is 102526091 a prime number?
False
Is 2515757 prime?
True
Is 29105795 a prime number?
False
Is 13238314 prime?
False
Is 254025565 a composite number?
True
Is 47740629 a prime number?
False
Is 169839601 composite?
False
Is 52275961 prime?
True
Is 1568033 a composite number?
False
Is 794279 composite?
True
Is 122800723 a prime number?
True
Is 24485399 prime?
False
Is 467620999 a prime number?
False
Is 27259339 a composite number?
False
Is 11245409 a prime number?
False
Is 61169449 prime?
False
Is 2819659 composite?
True
Is 50089451 prime?
False
Is 982867 composite?
False
Is 155987503 a composite number?
True
Is 949577 a composite number?
True
Is 364388641 a prime number?
True
Is 5278877 composite?
False
Is 456201349 a prime number?
False
Is 211678603 a composite number?
True
Is 2997209 a prime number?
True
Is 131237753 prime?
True
Is 143511763 a composite number?
True
Is 122816422 a prime number?
False
Is 221633861 a composite number?
False
Is 41171701 a composite number?
True
Is 1399499 a composite number?
False
Is 5182007 a composite number?
True
Is 8457613 a prime number?
False
Is 72462685 prime?
False
Is 41225242 composite?
True
Is 471743 composite?
True
Is 896843 composite?
True
Is 586193005 prime?
False
Is 36415927 a prime number?
True
Is 1306776997 a prime number?
True
Is 4963349 composite?
False
Is 14866685 a prime number?
False
Is 2123027 prime?
True
Is 31111033 a composite number?
True
Is 189574727 composite?
False
Is 61817387 a composite number?
False
Is 7272053 composite?
True
Is 4275341 composite?
True
Is 751103 composite?
False
Is 54656227 a composite number?
True
Is 154057 a prime number?
True
Is 1073381 a prime number?
True
Is 2309609 a prime number?
True
Is 9103901 prime?
True
Is 17342785 a composite number?
True
Is 13977917 prime?
True
Is 171007 a composite number?
False
Is 10490777 a prime number?
False
Is 206686353 a composite number?
True
Is 611663 composite?
True
Is 181324883 a composite number?
False
Is 32544683 composite?
False
Is 2786467 a composite number?
True
Is 523661011 a composite number?
True
Is 43181753 composite?
False
Is 9035459 composite?
False
Is 677 a composite number?
False
Is 2386211 composite?
False
Is 12657217 prime?
True
Is 8406745 a prime number?
False
Is 114759746 a prime number?
False
Is 7225369 a composite number?
True
Is 34416307 a prime number?
True
Is 4975241 a composite number?
False
Is 3346921 a prime number?
True
Is 5709917 a prime number?
True
Is 65510867 composite?
False
Is 2301569 prime?
True
Is 16802189 prime?
True
Is 15709049 composite?
False
Is 133666523 prime?
True
Is 838963 a composite number?
False
Is 38044057 a composite number?
True
Is 16295809 composite?
True
Is 1616347 a prime number?
True
Is 38675278 prime?
False
Is 45878941 prime?
True
Is 339839 a prime number?
True
Is 133263877 a prime number?
False
Is 15031 composite?
False
Is 30367057 prime?
False
Is 405264163 a composite number?
True
Is 6231343 composite?
True
Is 221947 a prime number?
False
Is 137172551 composite?
True
Is 292065329 a prime number?
False
Is 8546227 prime?
True
Is 64731599 composite?
False
Is 49492211 a prime number?
True
Is 52500719 prime?
True
Is 2129107 a composite number?
False
Is 115174753 a composite number?
True
Is 1597067 composite?
False
Is 5692391 prime?
True
Is 1524899 composite?
False
Is 66334121 a composite number?
True
Is 21462473 a prime number?
False
Is 6751391 a composite number?
False
Is 10162811 composite?
False
Is 27522343 composite?
False
Is 281352239 prime?
False
Is 130011443 a prime number?
True
Is 1434703 prime?
False
Is 3654787 prime?
True
Is 48746179 a prime number?
True
Is 163716353 a prime number?
True
Is 1090134803 a composite number?
False
Is 21365219 a composite number?
False
Is 181726 a composite number?
True
Is 343201897 prime?
False
Is 22641499 composite?
True
Is 4475243 prime?
True
Is 2531723 a composite number?
True
Is 3616913 a prime number?
True
Is 35154523 a composite number?
False
Is 26667205 composite?
True
Is 20630761 a prime number?
True
Is 75351895 composite?
True
Is 1440227 prime?
False
Is 148791 composite?
True
Is 54176537 prime?
False
Is 18068549 prime?
True
Is 18637159 a composite number?
True
Is 19207703 a prime number?
True
Is 148048067 prime?
True
Is 35945197 composite?
False
Is 3829039 prime?
False
Is 31693363 composite?
True
Is 12571529 a prime number?
False
Is 8952301 composite?
True
Is 9407117 prime?
True
Is 6755071 a composite number?
False
Is 16603966 composite?
True
Is 5515513 a prime number?
True
Is 587087 a composite number?
False
Is 1991891 a composite number?
True
Is 509339 a prime number?
False
Is 65157779 a composite number?
True
Is 288864931 a composite number?
False
Is 1982779 composite?
False
Is 15043057 composite?
False
Is 101090453 a prime number?
True
Is 2500483 composite?
True
Is 30682649 prime?
True
Is 15192703 a prime number?
False
Is 21493942 prime?
False
Is 12006487 a prime number?
False
Is 1157501 composite?
True
Is 85722859 a prime number?
True
Is 1691987 a prime number?
False
Is 3909083 a composite number?
False
Is 471582593 a composite number?
True
Is 39149969 a prime number?
False
Is 58736891 a prime number?
True
Is 24784771 composite?
True
Is 453371 composite?
False
Is 8204003 composite?
False
Is 147795137 composite?
True
Is 13286477 prime?
False
Is 1704587 prime?
True
Is 28245227 a prime number?
True
Is 938507 composite?
False
Is 3643943 a composite number?
True
Is 5538241 a composite number?
False
Is 1129327 composite?
True
Is 81521281 a composite number?
False
Is 11448959 a composite number?
True
Is 21343243 composite?
False
Is 3728303 a composite number?
False
Is 15195913 a prime number?
False
Is 20258027 prime?
False
Is 21980297 a prime number?
False
Is 1415447 prime?
False
Is 22720391 composite?
False
Is 97149023 composite?
True
Is 311572871 prime?
True
Is 16145461 composite?
True
Is 10903 a composite number?
False
Is 9395389 prime?
False
Is 151187347 a prime number?
False
Is 98745059 a composite number?
True
Is 3958657 a composite number?
False
Is 171966719 prime?
False
Is 767633 a prime number?
True
Is 33445343 a composite number?
True
Is 171997 a prime number?
False
Is 19532477 a composite number?
False
Is 28074301 a composite number?
False
Is 366663109 a composite number?
False
Is 13138133 a prime number?
True
Is 6081401 a composite number?
False
Is 1751611 composite?
True
Is 17384111 a prime number?
True
Is 64021 prime?
False
Is 162894077 a prime number?
True
Is 50854513 a composite number?
False
Is 21049883 composite?
False
Is 25373737 a composite number?
True
Is 1561309 prime?
False
Is 11016361 a prime number?
False
Is 755247697 a composite number?
False
Is 2102833 prime?
False
Is 11070509 composite?
True
Is 67843 composite?